{"id":411,"date":"2024-06-24T11:40:33","date_gmt":"2024-06-24T11:40:33","guid":{"rendered":"http:\/\/192.168.0.235:10022\/?page_id=411"},"modified":"2025-12-17T20:04:38","modified_gmt":"2025-12-17T20:04:38","slug":"hakkimizda","status":"publish","type":"page","link":"https:\/\/www.upeka.com.tr\/?page_id=411","title":{"rendered":"Hakk\u0131m\u0131zda 2"},"content":{"rendered":"\t\t<div data-elementor-type=\"wp-page\" data-elementor-id=\"411\" class=\"elementor elementor-411\">\n\t\t\t\t<div class=\"elementor-element elementor-element-e34abef e-flex e-con-boxed rt-default-class e-con e-parent\" data-id=\"e34abef\" data-element_type=\"container\">\n\t\t\t\t\t<div class=\"e-con-inner\">\n\t\t<div class=\"elementor-element elementor-element-af8f91e e-con-full e-flex rt-default-class e-con e-child\" data-id=\"af8f91e\" data-element_type=\"container\">\n\t\t\t\t<div class=\"elementor-element elementor-element-2d83c0c rt-default-class elementor-widget elementor-widget-image\" data-id=\"2d83c0c\" data-element_type=\"widget\" data-widget_type=\"image.default\">\n\t\t\t\t\t\t\t\t\t\t\t\t\t\t\t<img fetchpriority=\"high\" decoding=\"async\" width=\"1080\" height=\"1080\" src=\"https:\/\/www.upeka.com.tr\/wp-content\/uploads\/2025\/10\/88.png\" class=\"attachment-1536x1536 size-1536x1536 wp-image-2940\" alt=\"\" srcset=\"https:\/\/www.upeka.com.tr\/wp-content\/uploads\/2025\/10\/88.png 1080w, https:\/\/www.upeka.com.tr\/wp-content\/uploads\/2025\/10\/88-300x300.png 300w, https:\/\/www.upeka.com.tr\/wp-content\/uploads\/2025\/10\/88-1024x1024.png 1024w, https:\/\/www.upeka.com.tr\/wp-content\/uploads\/2025\/10\/88-150x150.png 150w, https:\/\/www.upeka.com.tr\/wp-content\/uploads\/2025\/10\/88-768x768.png 768w, https:\/\/www.upeka.com.tr\/wp-content\/uploads\/2025\/10\/88-87x87.png 87w\" sizes=\"(max-width: 1080px) 100vw, 1080px\" \/>\t\t\t\t\t\t\t\t\t\t\t\t\t\t\t<\/div>\n\t\t\t\t<\/div>\n\t\t<div class=\"elementor-element elementor-element-5e85ca5 e-con-full e-flex rt-default-class e-con e-child\" data-id=\"5e85ca5\" data-element_type=\"container\">\n\t\t\t\t<div class=\"elementor-element elementor-element-48e0c09 rt-default-class elementor-widget elementor-widget-react-heading\" data-id=\"48e0c09\" data-element_type=\"widget\" data-widget_type=\"react-heading.default\">\n\t\t\t\t<div class=\"elementor-widget-container\">\n\t\t\t\t\t\t\t<div class=\"animation-wow fadeInUp react-heading default\">\r\n\t\t\t<div class=\"title-inner\">\r\n\t\t\t\t<span class=\"bg-color-3 sub-text subtitle wow fadeInUp\">Hakk\u0131m\u0131zda<\/span><div class=\"wow fadeInUp\"><h2 class=\"title word-line\">Biz Kimiz?<\/h2><\/div>\t\t\t<\/div>\r\n\t\t\t\r\n\t\t\t\t\t\t\t<div class=\"description wow fadeInUp \">\r\n\t\t\t\t\t<p>Upeka E\u011fitim ve Dan\u0131\u015fmanl\u0131k 2018 y\u0131l\u0131nda G\u00fclzade \u015eerifo\u011flu taraf\u0131ndan kuruldu. \u0130smini \u2018tarafs\u0131z g\u00f6zlem yapabilen zihin\u2019 anlam\u0131na gelen<em> Upekkha <\/em>kelimesinden almaktad\u0131r.Upeka E\u011fitim ve Dan\u0131\u015fmanl\u0131k; kurumlar\u0131n geli\u015fim yolculuklar\u0131nda g\u00fcvenilir bir i\u015f orta\u011f\u0131, bireylerin ki\u015fisel d\u00f6n\u00fc\u015f\u00fcm\u00fcnde e\u015flik\u00e7idir. Programlar\u0131m\u0131z; analiz, tasar\u0131m, uygulama ve peki\u015ftirme ad\u0131mlar\u0131yla \u00f6l\u00e7\u00fclebilir etki \u00fcretir.<\/p>\t\t\t\t<\/div>\r\n\t\t\t\t\t\t\t\t\t\t<div class=\"rt-button wow fadeInUp \">\r\n\t\t\t\t\t\t\t\t\t\t<a class=\"btn-main\" href=\"mailto:info@upek%20a.com.tr\" >\r\n\t\t\t\t\t\t<span >\u0130leti\u015fime Ge\u00e7<\/span>\r\n\t\t\t\t\t\t\t\t\t\t\t<\/a>\r\n\r\n\t\t\t\t<\/div>\r\n\t\t\t\t\t<\/div>\t\t\t\r\n\t\t\t\t\t<\/div>\n\t\t\t\t<\/div>\n\t\t\t\t<\/div>\n\t\t\t\t\t<\/div>\n\t\t\t\t<\/div>\n\t\t<div class=\"elementor-element elementor-element-ffbcda2 bg-color-2 e-flex e-con-boxed e-con e-parent\" data-id=\"ffbcda2\" data-element_type=\"container\">\n\t\t\t\t\t<div class=\"e-con-inner\">\n\t\t<div class=\"elementor-element elementor-element-e05348e e-con-full e-flex rt-default-class e-con e-child\" data-id=\"e05348e\" data-element_type=\"container\">\n\t\t\t\t<div class=\"elementor-element elementor-element-9ea97b0 rt-default-class elementor-widget elementor-widget-rt-counter\" data-id=\"9ea97b0\" data-element_type=\"widget\" data-widget_type=\"rt-counter.default\">\n\t\t\t\t<div class=\"elementor-widget-container\">\n\t\t\t\t\t\t\t\t\t\t<div class=\"counter-top-area style1 wow fadeInRight\" data-wow-delay=\".0s\">\r\n\t\t\t\t<div class=\"rts-counter-list\">\r\n\t\t\t\t\t<div class=\"rts-counter-list-inner \">\t\t\t\t\t\r\n\r\n\t\t\t\t\t\t<div class=\"count-text bottom\">\r\n\t\t\t\t\t\t\t<div class=\"count-number\">\r\n\t\t\t\t\t\t\t\t\t\t\t\t\t\t\t\t<span data-letters=\"500\" class=\"rs-counter\"> 100<\/span>\r\n\t\t\t\t\t\t\t\t<span class=\"prefix\">+<\/span>\t\t\t\t\t\t\t<\/div>\r\n\r\n\t\t\t\t\t\t\t\t\t\t\t\t\t\t\t<span class=\"title\"> E\u011fitim<\/span>\r\n\t\t\t\t\t\t\t\r\n\t\t\t\t\t\t\t\r\n\t\t\t\t\t\t<\/div>\r\n\t\t\t\t\t<\/div>\r\n\t\t\t\t<\/div>\r\n\t\t\t<\/div>\r\n\r\n\t\t\t\t\r\n\r\n\t\t\t\t\t<\/div>\n\t\t\t\t<\/div>\n\t\t\t\t<\/div>\n\t\t<div class=\"elementor-element elementor-element-05ba3cf e-con-full e-flex rt-default-class e-con e-child\" data-id=\"05ba3cf\" data-element_type=\"container\">\n\t\t\t\t<div class=\"elementor-element elementor-element-d645c49 rt-default-class elementor-widget elementor-widget-rt-counter\" data-id=\"d645c49\" data-element_type=\"widget\" data-widget_type=\"rt-counter.default\">\n\t\t\t\t<div class=\"elementor-widget-container\">\n\t\t\t\t\t\t\t\t\t\t<div class=\"counter-top-area style1 wow fadeInRight\" data-wow-delay=\".2s\">\r\n\t\t\t\t<div class=\"rts-counter-list\">\r\n\t\t\t\t\t<div class=\"rts-counter-list-inner \">\t\t\t\t\t\r\n\r\n\t\t\t\t\t\t<div class=\"count-text bottom\">\r\n\t\t\t\t\t\t\t<div class=\"count-number\">\r\n\t\t\t\t\t\t\t\t\t\t\t\t\t\t\t\t<span data-letters=\"500\" class=\"rs-counter\"> 5000<\/span>\r\n\t\t\t\t\t\t\t\t<span class=\"prefix\">+<\/span>\t\t\t\t\t\t\t<\/div>\r\n\r\n\t\t\t\t\t\t\t\t\t\t\t\t\t\t\t<span class=\"title\"> Kat\u0131l\u0131mc\u0131<\/span>\r\n\t\t\t\t\t\t\t\r\n\t\t\t\t\t\t\t\r\n\t\t\t\t\t\t<\/div>\r\n\t\t\t\t\t<\/div>\r\n\t\t\t\t<\/div>\r\n\t\t\t<\/div>\r\n\r\n\t\t\t\t\r\n\r\n\t\t\t\t\t<\/div>\n\t\t\t\t<\/div>\n\t\t\t\t<\/div>\n\t\t<div class=\"elementor-element elementor-element-62705b3 e-con-full e-flex rt-default-class e-con e-child\" data-id=\"62705b3\" data-element_type=\"container\">\n\t\t\t\t<div class=\"elementor-element elementor-element-ab4427c rt-default-class elementor-widget elementor-widget-rt-counter\" data-id=\"ab4427c\" data-element_type=\"widget\" data-widget_type=\"rt-counter.default\">\n\t\t\t\t<div class=\"elementor-widget-container\">\n\t\t\t\t\t\t\t\t\t\t<div class=\"counter-top-area style1 wow fadeInRight\" data-wow-delay=\".0s\">\r\n\t\t\t\t<div class=\"rts-counter-list\">\r\n\t\t\t\t\t<div class=\"rts-counter-list-inner \">\t\t\t\t\t\r\n\r\n\t\t\t\t\t\t<div class=\"count-text bottom\">\r\n\t\t\t\t\t\t\t<div class=\"count-number\">\r\n\t\t\t\t\t\t\t\t\t\t\t\t\t\t\t\t<span data-letters=\"500\" class=\"rs-counter\"> 3000<\/span>\r\n\t\t\t\t\t\t\t\t<span class=\"prefix\">+<\/span>\t\t\t\t\t\t\t<\/div>\r\n\r\n\t\t\t\t\t\t\t\t\t\t\t\t\t\t\t<span class=\"title\"> Birebir Dan\u0131\u015fmanl\u0131k<\/span>\r\n\t\t\t\t\t\t\t\r\n\t\t\t\t\t\t\t\r\n\t\t\t\t\t\t<\/div>\r\n\t\t\t\t\t<\/div>\r\n\t\t\t\t<\/div>\r\n\t\t\t<\/div>\r\n\r\n\t\t\t\t\r\n\r\n\t\t\t\t\t<\/div>\n\t\t\t\t<\/div>\n\t\t\t\t<\/div>\n\t\t\t\t\t<\/div>\n\t\t\t\t<\/div>\n\t\t<div class=\"elementor-element elementor-element-6e7fa69 e-flex e-con-boxed rt-default-class e-con e-parent\" data-id=\"6e7fa69\" data-element_type=\"container\">\n\t\t\t\t\t<div class=\"e-con-inner\">\n\t\t\t\t<div class=\"elementor-element elementor-element-f7507b1 rt-default-class elementor-widget elementor-widget-spacer\" data-id=\"f7507b1\" data-element_type=\"widget\" data-widget_type=\"spacer.default\">\n\t\t\t\t\t\t\t<div class=\"elementor-spacer\">\n\t\t\t<div class=\"elementor-spacer-inner\"><\/div>\n\t\t<\/div>\n\t\t\t\t\t\t<\/div>\n\t\t\t\t\t<\/div>\n\t\t\t\t<\/div>\n\t\t<div class=\"elementor-element elementor-element-8c1c919 e-con-full e-flex rt-default-class e-con e-parent\" data-id=\"8c1c919\" data-element_type=\"container\">\n\t\t<div class=\"elementor-element elementor-element-48cbf47 e-flex e-con-boxed rt-default-class e-con e-child\" data-id=\"48cbf47\" data-element_type=\"container\">\n\t\t\t\t\t<div class=\"e-con-inner\">\n\t\t<div class=\"elementor-element elementor-element-ff5918d e-con-full e-flex rt-default-class e-con e-child\" data-id=\"ff5918d\" data-element_type=\"container\">\n\t\t\t\t<div class=\"elementor-element elementor-element-1ab8e9d elementor-widget__width-initial rt-default-class elementor-widget elementor-widget-react-heading\" data-id=\"1ab8e9d\" data-element_type=\"widget\" data-widget_type=\"react-heading.default\">\n\t\t\t\t<div class=\"elementor-widget-container\">\n\t\t\t\t\t\t\t<div class=\"animation-wow fadeInUp react-heading default\">\r\n\t\t\t<div class=\"title-inner\">\r\n\t\t\t\t<span class=\"custom sub-text subtitle wow fadeInUp\">Kurucumuz<\/span><div class=\"wow fadeInUp\"><h2 class=\"title word-line\">G\u00fclzade \u015eerifo\u011flu<\/h2><\/div>\t\t\t<\/div>\r\n\t\t\t\r\n\t\t\t\t\t\t\t\t<\/div>\t\t\t\r\n\t\t\t\t\t<\/div>\n\t\t\t\t<\/div>\n\t\t\t\t<\/div>\n\t\t\t\t\t<\/div>\n\t\t\t\t<\/div>\n\t\t<div class=\"elementor-element elementor-element-5c9bf27 e-flex e-con-boxed rt-default-class e-con e-child\" data-id=\"5c9bf27\" data-element_type=\"container\">\n\t\t\t\t\t<div class=\"e-con-inner\">\n\t\t<div class=\"elementor-element elementor-element-f386674 e-con-full e-flex rt-default-class e-con e-child\" data-id=\"f386674\" data-element_type=\"container\">\n\t\t\t\t<div class=\"elementor-element elementor-element-03d3471 rt-default-class elementor-widget elementor-widget-react-heading\" data-id=\"03d3471\" data-element_type=\"widget\" data-widget_type=\"react-heading.default\">\n\t\t\t\t<div class=\"elementor-widget-container\">\n\t\t\t\t\t\t\t<div class=\"animation-wow fadeInRight react-heading default\">\r\n\t\t\t<div class=\"title-inner\">\r\n\t\t\t\t<div class=\"wow fadeInRight\"><h4 class=\"title word-line\">G\u00fclzade \u015eerifo\u011flu Kimdir?<\/h4><\/div>\t\t\t<\/div>\r\n\t\t\t\r\n\t\t\t\t\t\t\t\t<\/div>\t\t\t\r\n\t\t\t\t\t<\/div>\n\t\t\t\t<\/div>\n\t\t\t\t<div class=\"elementor-element elementor-element-da81d01 rt-default-class elementor-widget elementor-widget-react-heading\" data-id=\"da81d01\" data-element_type=\"widget\" data-widget_type=\"react-heading.default\">\n\t\t\t\t<div class=\"elementor-widget-container\">\n\t\t\t\t\t\t\t<div class=\"animation-wow fadeInDown react-heading default\">\r\n\t\t\t<div class=\"title-inner\">\r\n\t\t\t\t\t\t\t<\/div>\r\n\t\t\t\r\n\t\t\t\t\t\t\t<div class=\"description wow fadeInDown \">\r\n\t\t\t\t\t<p>End\u00fcstri ve \u00f6rg\u00fct psikolojisi uzman\u0131, PCC y\u00f6netici ko\u00e7u, e\u011fitmen ve dan\u0131\u015fmand\u0131r.<br \/>Do\u011fu\u015f Yay\u0131n Grubu ve Enerjisa\u2019da liderlik\/yetenek geli\u015fimi ve k\u00fclt\u00fcrel d\u00f6n\u00fc\u015f\u00fcm projelerinde g\u00f6rev ald\u0131. 3000+ saatlik y\u00f6netici ko\u00e7lu\u011fu deneyimiyle orta ve \u00fcst kademe y\u00f6neticilere ko\u00e7luk yapar, kurum i\u00e7i geli\u015fim programlar\u0131 y\u00fcr\u00fct\u00fcr. \u00c7al\u0131\u015fmalar\u0131nda tekrarlanan ki\u015fisel kal\u0131plara, fark\u0131ndal\u0131\u011f\u0131n art\u0131r\u0131lmas\u0131na ve y\u00f6neticilik becerilerinin g\u00fc\u00e7lendirilmesine odaklan\u0131r; Transaksiyonel Analiz, Gestalt, Bodynamic Somatik Psikoloji, Logoterapi, \u0130ntegratif Psikoterapi ve Uzakdo\u011fu yakla\u015f\u0131mlar\u0131ndan beslenir.<\/p>\t\t\t\t<\/div>\r\n\t\t\t\t\t\t\t\t<\/div>\t\t\t\r\n\t\t\t\t\t<\/div>\n\t\t\t\t<\/div>\n\t\t\t\t<\/div>\n\t\t<div class=\"elementor-element elementor-element-9bada26 e-con-full e-flex rt-default-class e-con e-child\" data-id=\"9bada26\" data-element_type=\"container\">\n\t\t\t\t<div class=\"elementor-element elementor-element-2071905 rt-default-class elementor-widget elementor-widget-react-heading\" data-id=\"2071905\" data-element_type=\"widget\" data-widget_type=\"react-heading.default\">\n\t\t\t\t<div class=\"elementor-widget-container\">\n\t\t\t\t\t\t\t<div class=\"animation-wow fadeInRight react-heading default\">\r\n\t\t\t<div class=\"title-inner\">\r\n\t\t\t\t<div class=\"wow fadeInRight\"><h4 class=\"title word-line\">Misyon ve Vizyon<\/h4><\/div>\t\t\t<\/div>\r\n\t\t\t\r\n\t\t\t\t\t\t\t\t<\/div>\t\t\t\r\n\t\t\t\t\t<\/div>\n\t\t\t\t<\/div>\n\t\t\t\t<div class=\"elementor-element elementor-element-24cac09 custom-list rt-default-class elementor-widget elementor-widget-react-heading\" data-id=\"24cac09\" data-element_type=\"widget\" data-widget_type=\"react-heading.default\">\n\t\t\t\t<div class=\"elementor-widget-container\">\n\t\t\t\t\t\t\t<div class=\"animation-wow fadeInUp react-heading default\">\r\n\t\t\t<div class=\"title-inner\">\r\n\t\t\t\t\t\t\t<\/div>\r\n\t\t\t\r\n\t\t\t\t\t\t\t<div class=\"description wow fadeInUp \">\r\n\t\t\t\t\t<ol><li><strong>Misyon:<\/strong> \u00d6\u011frenmeyi davran\u0131\u015fa, davran\u0131\u015f\u0131 s\u00fcrd\u00fcr\u00fclebilir kurum k\u00fclt\u00fcr\u00fcne d\u00f6n\u00fc\u015ft\u00fcrmek.<\/li><li><strong>\u00a0Vizyon:<\/strong> \u0130nsan odakl\u0131 ve \u00f6l\u00e7\u00fclebilir etki \u00fcreten programlar\u0131yla g\u00fcvenilir bir geli\u015fim orta\u011f\u0131 olmak.<\/li><\/ol>\t\t\t\t<\/div>\r\n\t\t\t\t\t\t\t\t<\/div>\t\t\t\r\n\t\t\t\t\t<\/div>\n\t\t\t\t<\/div>\n\t\t\t\t<div class=\"elementor-element elementor-element-130eae4 rt-default-class elementor-widget elementor-widget-react-heading\" data-id=\"130eae4\" data-element_type=\"widget\" data-widget_type=\"react-heading.default\">\n\t\t\t\t<div class=\"elementor-widget-container\">\n\t\t\t\t\t\t\t<div class=\"animation-wow fadeInRight react-heading default\">\r\n\t\t\t<div class=\"title-inner\">\r\n\t\t\t\t<div class=\"wow fadeInRight\"><h4 class=\"title word-line\">\u0130\u015f Birli\u011fi Ortaklar\u0131m\u0131z<\/h4><\/div>\t\t\t<\/div>\r\n\t\t\t\r\n\t\t\t\t\t\t\t\t<\/div>\t\t\t\r\n\t\t\t\t\t<\/div>\n\t\t\t\t<\/div>\n\t\t\t\t<div class=\"elementor-element elementor-element-9de2c77 custom-list rt-default-class elementor-widget elementor-widget-react-heading\" data-id=\"9de2c77\" data-element_type=\"widget\" data-widget_type=\"react-heading.default\">\n\t\t\t\t<div class=\"elementor-widget-container\">\n\t\t\t\t\t\t\t<div class=\"animation-wow fadeInUp react-heading default\">\r\n\t\t\t<div class=\"title-inner\">\r\n\t\t\t\t\t\t\t<\/div>\r\n\t\t\t\r\n\t\t\t\t\t\t\t<div class=\"description wow fadeInUp \">\r\n\t\t\t\t\t<p>K2C Dan\u0131\u015fmanl\u0131k, Prana Dan\u0131\u015fmanl\u0131k, Sparkus Dan\u0131\u015fmanl\u0131k, SRL Dan\u0131\u015fmanl\u0131k, Uyumlu Ya\u015fam Akademisi<\/p>\t\t\t\t<\/div>\r\n\t\t\t\t\t\t\t\t<\/div>\t\t\t\r\n\t\t\t\t\t<\/div>\n\t\t\t\t<\/div>\n\t\t\t\t<\/div>\n\t\t\t\t\t<\/div>\n\t\t\t\t<\/div>\n\t\t<div class=\"elementor-element elementor-element-a22d45f e-con-full e-flex rt-default-class e-con e-child\" data-id=\"a22d45f\" data-element_type=\"container\">\n\t\t\t\t<div class=\"elementor-element elementor-element-149cad2 elementor-absolute rt-default-class elementor-widget elementor-widget-rt-react-image\" data-id=\"149cad2\" data-element_type=\"widget\" data-settings=\"{&quot;_position&quot;:&quot;absolute&quot;}\" data-widget_type=\"rt-react-image.default\">\n\t\t\t\t<div class=\"elementor-widget-container\">\n\t\t\t\t\t        \n        <div class=\"react-image\">\n                            <img decoding=\"async\" class=\"react-multi-image wow scaleIn\" src=\"https:\/\/themewant.com\/products\/wordpress\/mindthera\/wp-content\/uploads\/2024\/07\/flowers-crop-4.webp\"  alt=\"\"\/>\n                    <\/div>       \n    \t\t\t\t<\/div>\n\t\t\t\t<\/div>\n\t\t\t\t<\/div>\n\t\t\t\t<\/div>\n\t\t\t\t<\/div>\n\t\t","protected":false},"excerpt":{"rendered":"<p>Hakk\u0131m\u0131zda Biz Kimiz? Upeka E\u011fitim ve Dan\u0131\u015fmanl\u0131k 2018 y\u0131l\u0131nda G\u00fclzade \u015eerifo\u011flu taraf\u0131ndan kuruldu. \u0130smini \u2018tarafs\u0131z g\u00f6zlem yapabilen zihin\u2019 anlam\u0131na gelen Upekkha kelimesinden almaktad\u0131r.Upeka E\u011fitim ve Dan\u0131\u015fmanl\u0131k; kurumlar\u0131n geli\u015fim yolculuklar\u0131nda g\u00fcvenilir bir i\u015f orta\u011f\u0131, bireylerin ki\u015fisel d\u00f6n\u00fc\u015f\u00fcm\u00fcnde e\u015flik\u00e7idir. Programlar\u0131m\u0131z; analiz, tasar\u0131m, uygulama ve peki\u015ftirme ad\u0131mlar\u0131yla \u00f6l\u00e7\u00fclebilir etki \u00fcretir. \u0130leti\u015fime Ge\u00e7 100 + E\u011fitim 5000 + Kat\u0131l\u0131mc\u0131&#8230;<\/p>\n","protected":false},"author":1,"featured_media":0,"parent":0,"menu_order":0,"comment_status":"closed","ping_status":"closed","template":"elementor_header_footer","meta":{"_monsterinsights_skip_tracking":false,"_monsterinsights_sitenote_active":false,"_monsterinsights_sitenote_note":"","_monsterinsights_sitenote_category":0,"footnotes":""},"class_list":["post-411","page","type-page","status-publish","hentry"],"aioseo_notices":[],"_links":{"self":[{"href":"https:\/\/www.upeka.com.tr\/index.php?rest_route=\/wp\/v2\/pages\/411","targetHints":{"allow":["GET"]}}],"collection":[{"href":"https:\/\/www.upeka.com.tr\/index.php?rest_route=\/wp\/v2\/pages"}],"about":[{"href":"https:\/\/www.upeka.com.tr\/index.php?rest_route=\/wp\/v2\/types\/page"}],"author":[{"embeddable":true,"href":"https:\/\/www.upeka.com.tr\/index.php?rest_route=\/wp\/v2\/users\/1"}],"replies":[{"embeddable":true,"href":"https:\/\/www.upeka.com.tr\/index.php?rest_route=%2Fwp%2Fv2%2Fcomments&post=411"}],"version-history":[{"count":60,"href":"https:\/\/www.upeka.com.tr\/index.php?rest_route=\/wp\/v2\/pages\/411\/revisions"}],"predecessor-version":[{"id":3229,"href":"https:\/\/www.upeka.com.tr\/index.php?rest_route=\/wp\/v2\/pages\/411\/revisions\/3229"}],"wp:attachment":[{"href":"https:\/\/www.upeka.com.tr\/index.php?rest_route=%2Fwp%2Fv2%2Fmedia&parent=411"}],"curies":[{"name":"wp","href":"https:\/\/api.w.org\/{rel}","templated":true}]}}